{"id":89,"date":"2018-04-04T17:26:13","date_gmt":"2018-04-04T15:26:13","guid":{"rendered":"http:\/\/www.batiber.fr\/?page_id=89"},"modified":"2018-04-13T15:07:21","modified_gmt":"2018-04-13T13:07:21","slug":"maconnerie-generale","status":"publish","type":"page","link":"http:\/\/www.batiber.fr\/index.php\/maconnerie-generale\/","title":{"rendered":"Ma\u00e7onnerie G\u00e9n\u00e9rale"},"content":{"rendered":"<h2>Fondation<\/h2>\n<p><div id=\"metaslider-id-43\" style=\"max-width: 600px;\" class=\"ml-slider-3-107-0 metaslider metaslider-nivo metaslider-43 ml-slider has-dots-nav ms-theme-default\" role=\"region\" aria-label=\"Ma\u00e7onnerie\" data-height=\"783\" data-width=\"600\">\n    <div id=\"metaslider_container_43\">\n        <div class='slider-wrapper theme-default'><div class='ribbon'><\/div><div id='metaslider_43' class='nivoSlider'><img loading=\"lazy\" decoding=\"async\" src=\"http:\/\/www.batiber.fr\/wp-content\/uploads\/2018\/03\/macon1-1-600x783.jpg\" height=\"783\" width=\"600\" data-caption=\"Avant - Terrassement de la fondation\" title=\"macon1-1\" alt=\"\" class=\"slider-43 slide-44 msDefaultImage\" \/><img loading=\"lazy\" decoding=\"async\" src=\"http:\/\/www.batiber.fr\/wp-content\/uploads\/2018\/03\/macon1-2-600x783.jpg\" height=\"783\" width=\"600\" data-caption=\"Pr&eacute;paration de la fondation\" title=\"macon1-2\" alt=\"\" class=\"slider-43 slide-45 msDefaultImage\" \/><img loading=\"lazy\" decoding=\"async\" src=\"http:\/\/www.batiber.fr\/wp-content\/uploads\/2018\/03\/macon1-3-600x783.jpg\" height=\"783\" width=\"600\" data-caption=\"Pose des agglos\" title=\"macon1-3\" alt=\"\" class=\"slider-43 slide-46 msDefaultImage\" \/><img loading=\"lazy\" decoding=\"async\" src=\"http:\/\/www.batiber.fr\/wp-content\/uploads\/2018\/03\/macon1-4-600x783.jpg\" height=\"783\" width=\"600\" data-caption=\"Adaptation du d&eacute;port de toit\" title=\"macon1-4\" alt=\"\" class=\"slider-43 slide-47 msDefaultImage\" \/><img loading=\"lazy\" decoding=\"async\" src=\"http:\/\/www.batiber.fr\/wp-content\/uploads\/2018\/03\/macon1-5-600x783.jpg\" height=\"783\" width=\"600\" data-caption=\"Apr&egrave;s - Chantier fini\" title=\"macon1-5\" alt=\"\" class=\"slider-43 slide-48 msDefaultImage\" \/><\/div><\/div>\n        \n    <\/div>\n<\/div> Cr\u00e9ation et r\u00e9alisation de fondation pour tout type de r\u00e9alisations. Terrasses, Mur de sout\u00e8nement, Mur porteur, nous avons la solution pour vos travaux, demandez nous un devis, il est gratuit.<\/p>\n<h2>Mur<\/h2>\n<p><div id=\"metaslider-id-52\" style=\"max-width: 600px;\" class=\"ml-slider-3-107-0 metaslider metaslider-nivo metaslider-52 ml-slider has-dots-nav ms-theme-default\" role=\"region\" aria-label=\"Muret\" data-height=\"783\" data-width=\"600\">\n    <div id=\"metaslider_container_52\">\n        <div class='slider-wrapper theme-default'><div class='ribbon'><\/div><div id='metaslider_52' class='nivoSlider'><img loading=\"lazy\" decoding=\"async\" src=\"http:\/\/www.batiber.fr\/wp-content\/uploads\/2018\/04\/macon3-1-600x783.jpg\" height=\"783\" width=\"600\" data-caption=\"Pose des parpaings et des poteaux\" title=\"macon3-1\" alt=\"\" class=\"slider-52 slide-66 msDefaultImage\" \/><img loading=\"lazy\" decoding=\"async\" src=\"http:\/\/www.batiber.fr\/wp-content\/uploads\/2018\/04\/macon3-2-600x783.jpg\" height=\"783\" width=\"600\" data-caption=\"Fin du cr&eacute;pis\" title=\"macon3-2\" alt=\"\" class=\"slider-52 slide-65 msDefaultImage\" \/><img loading=\"lazy\" decoding=\"async\" src=\"http:\/\/www.batiber.fr\/wp-content\/uploads\/2018\/04\/macon3-3-600x783.jpg\" height=\"783\" width=\"600\" data-caption=\"Attente du s&egrave;chage\" title=\"macon3-3\" alt=\"\" class=\"slider-52 slide-64 msDefaultImage\" \/><img loading=\"lazy\" decoding=\"async\" src=\"http:\/\/www.batiber.fr\/wp-content\/uploads\/2018\/04\/macon3-4-600x783.jpg\" height=\"783\" width=\"600\" data-caption=\"Peinture appliqu&eacute;, il ne reste plus que la ferronnerie\" title=\"macon3-4\" alt=\"\" class=\"slider-52 slide-63 msDefaultImage\" \/><img loading=\"lazy\" decoding=\"async\" src=\"http:\/\/www.batiber.fr\/wp-content\/uploads\/2018\/04\/macon3-5-600x783.jpg\" height=\"783\" width=\"600\" data-caption=\"Une fois fini\" title=\"macon3-5\" alt=\"\" class=\"slider-52 slide-62 msDefaultImage\" \/><img loading=\"lazy\" decoding=\"async\" src=\"http:\/\/www.batiber.fr\/wp-content\/uploads\/2018\/04\/macon3-6-600x783.jpg\" height=\"783\" width=\"600\" data-caption=\"Portique pos&eacute;\" title=\"macon3-6\" alt=\"\" class=\"slider-52 slide-61 msDefaultImage\" \/><\/div><\/div>\n        \n    <\/div>\n<\/div> R\u00e9alisation de mur pour tout type de fonction.<\/p>\n<h2>Cr\u00e9pis &#8211; Fa\u00e7ades<\/h2>\n<p><div id=\"metaslider-id-51\" style=\"max-width: 600px;\" class=\"ml-slider-3-107-0 metaslider metaslider-nivo metaslider-51 ml-slider has-dots-nav ms-theme-default\" role=\"region\" aria-label=\"Fa\u00e7ade\" data-height=\"783\" data-width=\"600\">\n    <div id=\"metaslider_container_51\">\n        <div class='slider-wrapper theme-default'><div class='ribbon'><\/div><div id='metaslider_51' class='nivoSlider'><img loading=\"lazy\" decoding=\"async\" src=\"http:\/\/www.batiber.fr\/wp-content\/uploads\/2018\/03\/macon2-1-600x783.jpg\" height=\"783\" width=\"600\" data-caption=\"Avant - Pr&eacute;paration du mur\" title=\"macon2-1\" alt=\"\" class=\"slider-51 slide-54 msDefaultImage\" \/><img loading=\"lazy\" decoding=\"async\" src=\"http:\/\/www.batiber.fr\/wp-content\/uploads\/2018\/03\/macon2-2-600x783.jpg\" height=\"783\" width=\"600\" data-caption=\"Apr&egrave;s - fa&ccedil;ade cr&eacute;pis et peinte\" title=\"macon2-2\" alt=\"\" class=\"slider-51 slide-53 msDefaultImage\" \/><\/div><\/div>\n        \n    <\/div>\n<\/div> Cr\u00e9pis et fa\u00e7ades de maison, de mur d&rsquo;ornement, ou m\u00eame pour la cabane au fond du jardin. Nous \u00e9tablissons rapidement un devis et une \u00e9tude de r\u00e9alisation pour satisfaire toutes vos envies \u00e0 la couleur de votre choix.<\/p>\n<h2>Menuiserie ext\u00e9rieur<\/h2>\n<p><div id=\"metaslider-id-208\" style=\"max-width: 600px;\" class=\"ml-slider-3-107-0 metaslider metaslider-nivo metaslider-208 ml-slider has-dots-nav ms-theme-default\" role=\"region\" aria-label=\"Agrandissement garage\" data-height=\"783\" data-width=\"600\">\n    <div id=\"metaslider_container_208\">\n        <div class='slider-wrapper theme-default'><div class='ribbon'><\/div><div id='metaslider_208' class='nivoSlider'><img loading=\"lazy\" decoding=\"async\" src=\"http:\/\/www.batiber.fr\/wp-content\/uploads\/2018\/04\/menuiserie1-e1523577063291-600x783.jpg\" height=\"783\" width=\"600\" data-caption=\"Ouverture du mur existant\" title=\"menuiserie1\" alt=\"\" class=\"slider-208 slide-213 msDefaultImage\" \/><img loading=\"lazy\" decoding=\"async\" src=\"http:\/\/www.batiber.fr\/wp-content\/uploads\/2018\/04\/menuiserie2-e1523577071475-600x783.jpg\" height=\"783\" width=\"600\" data-caption=\"Cr&eacute;ation d&#039;un nouveau linteau\" title=\"menuiserie2\" alt=\"\" class=\"slider-208 slide-214 msDefaultImage\" \/><img loading=\"lazy\" decoding=\"async\" src=\"http:\/\/www.batiber.fr\/wp-content\/uploads\/2018\/04\/menuiserie3-e1523577121826-600x783.jpg\" height=\"783\" width=\"600\" data-caption=\"D&eacute;pose du poteau central\" title=\"menuiserie3\" alt=\"\" class=\"slider-208 slide-215 msDefaultImage\" \/><img loading=\"lazy\" decoding=\"async\" src=\"http:\/\/www.batiber.fr\/wp-content\/uploads\/2018\/04\/menuiserie4-e1523577091335-600x783.jpg\" height=\"783\" width=\"600\" data-caption=\"Pose des menuiseries\" title=\"menuiserie4\" alt=\"\" class=\"slider-208 slide-216 msDefaultImage\" \/><img loading=\"lazy\" decoding=\"async\" src=\"http:\/\/www.batiber.fr\/wp-content\/uploads\/2018\/04\/menuiserie5-e1523577136699-600x783.jpg\" height=\"783\" width=\"600\" data-caption=\"Chantier fini et valider par le client\" title=\"menuiserie5\" alt=\"\" class=\"slider-208 slide-217 msDefaultImage\" \/><\/div><\/div>\n        \n    <\/div>\n<\/div> Nous allons de la pr\u00e9paration des murs en agrandissant ou r\u00e9duisant les ouvrants existant \u00e0 la pose des menuiseries ext\u00e9rieur. Un seul interlocuteur pour une r\u00e9alisation finie.<\/p>\n","protected":false},"excerpt":{"rendered":"<p>Fondation Cr\u00e9ation et r\u00e9alisation de fondation pour tout type de r\u00e9alisations. Terrasses, Mur de sout\u00e8nement, Mur porteur, nous avons la solution pour vos travaux, demandez nous un devis, il est gratuit. Mur R\u00e9alisation de mur pour tout type de fonction. Cr\u00e9pis &#8211; Fa\u00e7ades Cr\u00e9pis et fa\u00e7ades de maison, de mur d&rsquo;ornement, ou m\u00eame pour la &hellip; <a href=\"http:\/\/www.batiber.fr\/index.php\/maconnerie-generale\/\" class=\"more-link\">Continuer la lecture<span class=\"screen-reader-text\"> de &laquo;&nbsp;Ma\u00e7onnerie G\u00e9n\u00e9rale&nbsp;&raquo;<\/span><\/a><\/p>\n","protected":false},"author":1,"featured_media":0,"parent":0,"menu_order":0,"comment_status":"closed","ping_status":"closed","template":"","meta":{"footnotes":""},"class_list":["post-89","page","type-page","status-publish","hentry"],"aioseo_notices":[],"_links":{"self":[{"href":"http:\/\/www.batiber.fr\/index.php\/wp-json\/wp\/v2\/pages\/89","targetHints":{"allow":["GET"]}}],"collection":[{"href":"http:\/\/www.batiber.fr\/index.php\/wp-json\/wp\/v2\/pages"}],"about":[{"href":"http:\/\/www.batiber.fr\/index.php\/wp-json\/wp\/v2\/types\/page"}],"author":[{"embeddable":true,"href":"http:\/\/www.batiber.fr\/index.php\/wp-json\/wp\/v2\/users\/1"}],"replies":[{"embeddable":true,"href":"http:\/\/www.batiber.fr\/index.php\/wp-json\/wp\/v2\/comments?post=89"}],"version-history":[{"count":6,"href":"http:\/\/www.batiber.fr\/index.php\/wp-json\/wp\/v2\/pages\/89\/revisions"}],"predecessor-version":[{"id":272,"href":"http:\/\/www.batiber.fr\/index.php\/wp-json\/wp\/v2\/pages\/89\/revisions\/272"}],"wp:attachment":[{"href":"http:\/\/www.batiber.fr\/index.php\/wp-json\/wp\/v2\/media?parent=89"}],"curies":[{"name":"wp","href":"https:\/\/api.w.org\/{rel}","templated":true}]}}

Maçonnerie Générale

<h2>Fondation</h2>
<p><div id="metaslider-id-43" style="max-width: 600px;" class="ml-slider-3-107-0 metaslider metaslider-nivo metaslider-43 ml-slider has-dots-nav ms-theme-default" role="region" aria-label="Maçonnerie" data-height="783" data-width="600">
    <div id="metaslider_container_43">
        <div class='slider-wrapper theme-default'><div class='ribbon'></div><div id='metaslider_43' class='nivoSlider'><img loading="lazy" decoding="async" src="http://www.batiber.fr/wp-content/uploads/2018/03/macon1-1-600x783.jpg" height="783" width="600" data-caption="Avant - Terrassement de la fondation" title="macon1-1" alt="" class="slider-43 slide-44 msDefaultImage" /><img loading="lazy" decoding="async" src="http://www.batiber.fr/wp-content/uploads/2018/03/macon1-2-600x783.jpg" height="783" width="600" data-caption="Pr&eacute;paration de la fondation" title="macon1-2" alt="" class="slider-43 slide-45 msDefaultImage" /><img loading="lazy" decoding="async" src="http://www.batiber.fr/wp-content/uploads/2018/03/macon1-3-600x783.jpg" height="783" width="600" data-caption="Pose des agglos" title="macon1-3" alt="" class="slider-43 slide-46 msDefaultImage" /><img loading="lazy" decoding="async" src="http://www.batiber.fr/wp-content/uploads/2018/03/macon1-4-600x783.jpg" height="783" width="600" data-caption="Adaptation du d&eacute;port de toit" title="macon1-4" alt="" class="slider-43 slide-47 msDefaultImage" /><img loading="lazy" decoding="async" src="http://www.batiber.fr/wp-content/uploads/2018/03/macon1-5-600x783.jpg" height="783" width="600" data-caption="Apr&egrave;s - Chantier fini" title="macon1-5" alt="" class="slider-43 slide-48 msDefaultImage" /></div></div>
        
    </div>
</div> Création et réalisation de fondation pour tout type de réalisations. Terrasses, Mur de soutènement, Mur porteur, nous avons la solution pour vos travaux, demandez nous un devis, il est gratuit.</p>
<h2>Mur</h2>
<p><div id="metaslider-id-52" style="max-width: 600px;" class="ml-slider-3-107-0 metaslider metaslider-nivo metaslider-52 ml-slider has-dots-nav ms-theme-default" role="region" aria-label="Muret" data-height="783" data-width="600">
    <div id="metaslider_container_52">
        <div class='slider-wrapper theme-default'><div class='ribbon'></div><div id='metaslider_52' class='nivoSlider'><img loading="lazy" decoding="async" src="http://www.batiber.fr/wp-content/uploads/2018/04/macon3-1-600x783.jpg" height="783" width="600" data-caption="Pose des parpaings et des poteaux" title="macon3-1" alt="" class="slider-52 slide-66 msDefaultImage" /><img loading="lazy" decoding="async" src="http://www.batiber.fr/wp-content/uploads/2018/04/macon3-2-600x783.jpg" height="783" width="600" data-caption="Fin du cr&eacute;pis" title="macon3-2" alt="" class="slider-52 slide-65 msDefaultImage" /><img loading="lazy" decoding="async" src="http://www.batiber.fr/wp-content/uploads/2018/04/macon3-3-600x783.jpg" height="783" width="600" data-caption="Attente du s&egrave;chage" title="macon3-3" alt="" class="slider-52 slide-64 msDefaultImage" /><img loading="lazy" decoding="async" src="http://www.batiber.fr/wp-content/uploads/2018/04/macon3-4-600x783.jpg" height="783" width="600" data-caption="Peinture appliqu&eacute;, il ne reste plus que la ferronnerie" title="macon3-4" alt="" class="slider-52 slide-63 msDefaultImage" /><img loading="lazy" decoding="async" src="http://www.batiber.fr/wp-content/uploads/2018/04/macon3-5-600x783.jpg" height="783" width="600" data-caption="Une fois fini" title="macon3-5" alt="" class="slider-52 slide-62 msDefaultImage" /><img loading="lazy" decoding="async" src="http://www.batiber.fr/wp-content/uploads/2018/04/macon3-6-600x783.jpg" height="783" width="600" data-caption="Portique pos&eacute;" title="macon3-6" alt="" class="slider-52 slide-61 msDefaultImage" /></div></div>
        
    </div>
</div> Réalisation de mur pour tout type de fonction.</p>
<h2>Crépis &#8211; Façades</h2>
<p><div id="metaslider-id-51" style="max-width: 600px;" class="ml-slider-3-107-0 metaslider metaslider-nivo metaslider-51 ml-slider has-dots-nav ms-theme-default" role="region" aria-label="Façade" data-height="783" data-width="600">
    <div id="metaslider_container_51">
        <div class='slider-wrapper theme-default'><div class='ribbon'></div><div id='metaslider_51' class='nivoSlider'><img loading="lazy" decoding="async" src="http://www.batiber.fr/wp-content/uploads/2018/03/macon2-1-600x783.jpg" height="783" width="600" data-caption="Avant - Pr&eacute;paration du mur" title="macon2-1" alt="" class="slider-51 slide-54 msDefaultImage" /><img loading="lazy" decoding="async" src="http://www.batiber.fr/wp-content/uploads/2018/03/macon2-2-600x783.jpg" height="783" width="600" data-caption="Apr&egrave;s - fa&ccedil;ade cr&eacute;pis et peinte" title="macon2-2" alt="" class="slider-51 slide-53 msDefaultImage" /></div></div>
        
    </div>
</div> Crépis et façades de maison, de mur d&rsquo;ornement, ou même pour la cabane au fond du jardin. Nous établissons rapidement un devis et une étude de réalisation pour satisfaire toutes vos envies à la couleur de votre choix.</p>
<h2>Menuiserie extérieur</h2>
<p><div id="metaslider-id-208" style="max-width: 600px;" class="ml-slider-3-107-0 metaslider metaslider-nivo metaslider-208 ml-slider has-dots-nav ms-theme-default" role="region" aria-label="Agrandissement garage" data-height="783" data-width="600">
    <div id="metaslider_container_208">
        <div class='slider-wrapper theme-default'><div class='ribbon'></div><div id='metaslider_208' class='nivoSlider'><img loading="lazy" decoding="async" src="http://www.batiber.fr/wp-content/uploads/2018/04/menuiserie1-e1523577063291-600x783.jpg" height="783" width="600" data-caption="Ouverture du mur existant" title="menuiserie1" alt="" class="slider-208 slide-213 msDefaultImage" /><img loading="lazy" decoding="async" src="http://www.batiber.fr/wp-content/uploads/2018/04/menuiserie2-e1523577071475-600x783.jpg" height="783" width="600" data-caption="Cr&eacute;ation d&#039;un nouveau linteau" title="menuiserie2" alt="" class="slider-208 slide-214 msDefaultImage" /><img loading="lazy" decoding="async" src="http://www.batiber.fr/wp-content/uploads/2018/04/menuiserie3-e1523577121826-600x783.jpg" height="783" width="600" data-caption="D&eacute;pose du poteau central" title="menuiserie3" alt="" class="slider-208 slide-215 msDefaultImage" /><img loading="lazy" decoding="async" src="http://www.batiber.fr/wp-content/uploads/2018/04/menuiserie4-e1523577091335-600x783.jpg" height="783" width="600" data-caption="Pose des menuiseries" title="menuiserie4" alt="" class="slider-208 slide-216 msDefaultImage" /><img loading="lazy" decoding="async" src="http://www.batiber.fr/wp-content/uploads/2018/04/menuiserie5-e1523577136699-600x783.jpg" height="783" width="600" data-caption="Chantier fini et valider par le client" title="menuiserie5" alt="" class="slider-208 slide-217 msDefaultImage" /></div></div>
        
    </div>
</div> Nous allons de la préparation des murs en agrandissant ou réduisant les ouvrants existant à la pose des menuiseries extérieur. Un seul interlocuteur pour une réalisation finie.</p>

<p>Fondation Création et réalisation de fondation pour tout type de réalisations. Terrasses, Mur de soutènement, Mur porteur, nous avons la solution pour vos travaux, demandez nous un devis, il est gratuit. Mur Réalisation de mur pour tout type de fonction. Crépis &#8211; Façades Crépis et façades de maison, de mur d&rsquo;ornement, ou même pour la &hellip; <a href="http://www.batiber.fr/index.php/maconnerie-generale/" class="more-link">Continuer la lecture<span class="screen-reader-text"> de &laquo;&nbsp;Maçonnerie Générale&nbsp;&raquo;</span></a></p>
